l**2 + 96*l + 269. Let v be z(-3). Let m(h) = -h**2 - 51*h - 236. Give m(v).
-6
Let d(h) be the third derivative of 0 - 54*h**2 + 1/6*h**4 + 7/3*h**3 + 0*h. Determine d(-6).
-10
Let c(g) = 434 - 435 - 7*g**2 - 5*g**2. Let f be c(-1). Let a(n) = -n**3 - 12*n**2 + 14*n + 13. What is a(f)?
0
Let k(j) = j - 5. Let f(v) = -2*v + 31. Let s be f(13). Suppose 0 = -s*h - 231 - 59. Let a = 63 + h. Calculate k(a).
0
Let l(f) = f**3 - f**2 + f - 3. Let v be 12 + 6/(-3) + 1. Let m(g) = 2*g**2 - 34*g - 30. Let r be m(18). Suppose -v*a + r = 6. What is l(a)?
-3
Let k(h) = h**3 + h**2 + 1. Let c = 17 - 16. Let u(r) = -5*r**3 + 43*r**2 + 0 - 41*r**2 - 4*r**3 + 1. Let z(g) = c*k(g) - u(g). What is z(1)?
9
Suppose -2292 + 1116 = -59*l - 25*l. Let h(z) = -2*z**2 + 31*z + 24. Calculate h(l).
66
Let y(x) = -x - 4*x + 1207664 - 1207770. Determine y(-24).
14
Let q(r) = -16*r**2 - 30*r + 137. Let t(c) = -7*c**2 - 16*c + 68. Let p(s) = -4*q(s) + 9*t(s). Give p(3).
1
Let a(y) = 7*y - 10. Suppose -181*t - 284 = -1189. Give a(t).
25
Let b(a) = -a**3 - 7*a**2 - 7*a - 10. Let o(y) = -y**3 - 3*y**2 - 5*y - 6. Let s be o(-2). Suppose 14*l + 110 - 26 = s. Calculate b(l).
-4
Let x be -1 + -5 + 19 + -14. Let a be (2/3)/((7/x)/(-21)). Let i(f) = -101*f**2 - 6*f + a - 2 + 100*f**2. Determine i(-7).
-7
Let g = -24 + 15. Let t = g - -12. Let u(h) = 2*h**3 + 5*h**2 + 7*h - 2. Let o(p) = -3*p**3 - 9*p**2 - 13*p + 4. Let c(y) = -3*o(y) - 5*u(y). Give c(t).
1
Let h(v) = -2473*v + 4 + 1257*v - 16*v**2 + 1220*v. Give h(-2).
-68
Let y(d) = d**2 - 4*d - 149 + 77 + 77. Let x be y(3). Let t(k) = -6*k + 2. What is t(x)?
-10
Let m = 206 - 204. Let k(s) = s**3 + 13*s**2 - 9*s - 4. Let q(r) = r**3 + 2*r - 1. Let t(z) = m*q(z) - k(z). Calculate t(12).
14
Let n(y) = -y**2 + 5*y + 11. Suppose 11*b = 2*x - 2, x + 5*b - 24 = -2. What is n(x)?
-73
Suppose -16*h = -10*h - 24. Let k be 6/15 + h*7/5. Let b(y) = y**2 - 8*y - 3. Give b(k).
-15
Suppose 0 = 6*h - 354 + 126. Suppose -10*k = -12 - h. Let r(w) = 4 - 3 - 2*w + 5. Give r(k).
-4
Let v(y) = 9 - 3*y + 20*y + 13*y**2 + 1 + 2*y**2. Calculate v(-1).
8
Suppose -5*s = -2*c - 7, -5*s + 2*s = -3*c + 3. Let m(f) = -149*f - f**2 + 74*f - 3 + 76*f. What is m(s)?
-9
Let t(s) = -953*s**2 - 25*s - 19. Let f(q) = 1525*q**2 + 38*q + 29. Let g(a) = -5*f(a) - 8*t(a). Let k be -2*(2 + 0 - 6). Give g(k).
23
Let g(f) = -27*f + 91. Let h be g(-4). Let w = h + -184. Let c(j) = j - 16. Determine c(w).
-1
Suppose 11*x = -4*z + 6*x + 8, x - 2 = -z. Suppose 5*y + 4*l - 5 = 2*l, 4*y = 5*l + 4. Suppose -y = -z*o - 3. Let d(t) = -10*t + 1. Determine d(o).
11
Let o(m) be the first derivative of -m**4/2 + 19*m**3/3 - 3*m**2 - 21*m + 2101. Give o(9).
6
Let u be (-96)/(-56) - 2/(-7). Suppose 3 + u = -s. Let t(f) = -13*f + 9. Let n(d) = -20*d + 14. Let a(h) = 5*n(h) - 8*t(h). Calculate a(s).
-22
Let l(q) = q**3 + 2*q**2 - 5. Suppose d = -3*d + w - 19, -3*w + 17 = -2*d. Let f be 0/(d + -2) + 0. What is l(f)?
-5
Let i(y) = 26*y - 49. Let u be i(2). Let q(j) = -2*j**3 + 14*j**2 - 2*j + 10. Let w(t) = -3*t**3 + 16*t**2 - 3*t + 10. Let o(k) = u*w(k) - 4*q(k). Give o(-8).
-2
Suppose -5 = -2*m - g, -3*m + g - 3*g = -7. Let z(w) = 69*w. Let k(i) = -103*i + 1. Let t(d) = 2*k(d) + 3*z(d). Give t(m).
5
Let c(h) = 24 + 514*h - 38 + 14 - 512*h. Give c(-7).
-14
Let h(t) = -5*t - 43. Let k be h(-18). Suppose -7 = -3*m + k. Let l(i) = -1 + m*i + 8 - 17*i - 3. Give l(-9).
-5
Suppose 3*z = 2*f - 5, 5*f + 66 = -3*z + 5. Let b(d) = 8*d + 60. Give b(f).
-4
Let s = 19 - 2. Let m = -15 + s. Let n(b) = b**2 + m + 3 - 4 + 2*b - b. What is n(-3)?
7
Suppose -1270*n + 6 = 2*p - 1268*n, p = -4*n. Let w(h) be the third derivative of 0*h + 11*h**2 + 2/3*h**3 + 1/24*h**p + 0. Give w(-5).
-1
Let l(u) = -u. Let f(d) = 77 - 26*d - 209*d**3 - 19*d**2 + 207*d**3 - 40*d**2. Let s be f(-29). Give l(s).
10
Let q(d) be the first derivative of -15*d**4/4 - 2*d**3/3 - 5*d**2/2 - 4*d + 7430. Determine q(-2).
118
Let z be (0 - -1)*(-1 - -3). Let k(b) = -b**2 + z*b**2 - 9 - 3*b - 4*b + 0*b. Suppose 3*s - 21 = 3*j, 3*s - 2*j = 2*j + 20. What is k(s)?
-1
Let r(b) = 34*b + 12. Let a(p) = 60*p + 23. Let f(s) = 3*a(s) - 5*r(s). Give f(4).
49
Let n(r) = -2*r - 45. Let a(i) = i**2 - 87*i - 10565. Let v be a(-68). Calculate n(v).
5
Let k(c) = 23*c**3 - 13*c**2 + 7*c + 17. Let y(l) = -25*l**3 + 14*l**2 - 8*l - 18. Let s(m) = 12*k(m) + 11*y(m). Determine s(3).
3
Let h be 1/2*(-6)/9*66/(-2). Let a(d) = d - 29. What is a(h)?
-18
Let m(s) = -65*s + 96 - 42 + 8*s**2 - 27 + s**3 - 27. Determine m(5).
0
Let l(t) = -t**3 - t**2 + t - 18. Let p = -2125 + 2125. Give l(p).
-18
Let y(a) = 7*a**3 + 71*a**2 - 180*a + 131. Let z(x) = -5*x**3 - 48*x**2 + 119*x - 88. Let k(s) = 7*y(s) + 10*z(s). Calculate k(11).
-7
Let q(r) = 4*r + 32. Let t be (-663)/78 - 2/4. Calculate q(t).
-4
Let g(d) be the third derivative of -d**8/20160 - d**7/336 - 13*d**6/720 + d**5/12 - d**4/24 - 57*d**2. Let z(q) be the third derivative of g(q). Give z(-10).
37
Let x(d) = -d**3 - 16*d**2. Suppose 0 = 26*j + 90*j + 1856. Calculate x(j).
0
Suppose 2*i - 15 = 2*l - 23, 4*i + 6 = -l. Let p(g) = -6*g + 9. Calculate p(l).
-3
Let m(t) = -97*t**3 + 3*t**3 + 86*t**3 - 19*t**2 - 13 + 81*t + 9*t**3. What is m(12)?
-49
Let t(s) be the first derivative of s**4/2 + s**3 - s**2/2 - 2*s + 2. Let k(j) = j**3 + 28*j**2 - 36*j - 93. Let a be k(-29). Let g = a - 112. Give t(g).
-4
Let n(m) be the first derivative of m**4/12 + 2*m**3/3 - 5*m**2/2 + 127*m + 97. Let r(p) be the first derivative of n(p). Determine r(-6).
7
Let j(n) be the first derivative of 2*n**2 - 3*n + 2341. Give j(6).
21
Let t = -627 + 624. Let q(s) = 3*s**2 - 6*s + 4. Give q(t).
49
Suppose 526 = -6*o + 484. Let k(j) = 11*j + 9. What is k(o)?
-68
Let s(v) = 61*v + 48 - 109*v + 129*v + 15 - 100*v. Determine s(5).
-32
Let o(d) = -16*d**2 - 33*d + 33*d + d**2. Suppose -28*w + 16*w + 12 = 0. Calculate o(w).
-15
Let k(b) = -b - 14. Let y(z) = -16*z - 8. Let i be y(4). Let d be ((-1)/2)/(212/i - -3). Determine k(d).
-5
Let j(m) = -43*m + 3 - 4 - 2 + 42*m. Suppose 120 = 189*f - 169*f. Determine j(f).
-9
Let j(s) = -19 - 26*s**2 + 125*s**2 - 26*s**2 - 25*s**2 + 16*s - 49*s**2. Determine j(19).
-76
Let g(q) be the first derivative of -1/120*q**6 + 1/3*q**3 - 13/2*q**2 + 7/60*q**5 + 0*q - 5/24*q**4 - 21. Let n(d) be the second derivative of g(d). Give n(6).
8
Suppose -4*l + 5*u = 0, -5*l + u - 2*u = -29. Suppose 0 = 3*q + l*w + 31, -2*q + w + 21 = -4*w. Let k(n) = n + 1. Determine k(q).
-1
Suppose 19*y - 69 = -12. Let h(a) = -10 - a + 24 + a**y - 15 + a**2. Give h(-2).
-3
Let h(v) = -6*v + 16. Let x be 15*2/(5/((-25)/30)). Let w(i) = 7*i - 16. Let m(d) = x*h(d) - 4*w(d). Calculate m(9).
2
Let i(t) be the second derivative of -11*t**3/6 + 58*t**2 + 262*t. Let n be i(10). Let a(c) = 2*c**2 - 12*c + 3. What is a(n)?
3
Let m(s) = 45*s**2 + 10*s + 20. Let a(n) = -56*n**2 - 10*n - 19. Let v(d) = -4*a(d) - 5*m(d). Calculate v(-6).
0
Let x(d) = d + 4166 - 8316 + 4103 + 0*d. Determine x(31).
-16
Let q(d) = d**2 + 20*d - 22. Let v(h) = 127*h + 106. Let i be v(-1). What is q(i)?
-1
Suppose 4*o - 35 = -23. Let l(i) = 7 + o + 225*i**2 - 3 - 226*i**2. Calculate l(0).
7
Let x(a) = a**2 - 11*a. Let v(n) = 2*n + 141. Let i(t) = t + 47. Let l(m) = 17*i(m) - 6*v(m). Let g be l(10). Suppose 44 = -g*k + 7*k. What is x(k)?
0
Suppose r = -0 + 2. Let u(v) be the first derivative of 1/2*v**2 - 226 + 0*v. Determine u(r).
2
Suppose -h - 4 = 2*h - 4*f, -2*f = -5*h + 12. Let w be -3 - (((-1)/1 - 15) + h). Let l(v) = v**3 - 10*v**2 + 8*v - 9. Give l(w).
-18
Let z = 46 + -43. Suppose 15 = 6*r + z. Let y(j) = 8*j**r + 4*j**2 - 10*j**2. Give y(-1).
2
Let n(m) = m**2 + 13*m - 24. Suppose 4*g - 5*v = -17, g = -5*v - 191 + 218. What is n(g)?
6
Let s(m) = -m + 1. Let t(z) = -4*z. Let u = -163 - -166. Let k(j) = u*s(j) + t(j). What is k(6)?
-39
Let q(f) be the second derivative of 5*f**4/6 - 149*f**3/6 - 7*f**2 + 275*f + 3. What is q(15)?
1
Let l(k) = -4*k + 37. Let b be l(9). Let s(o) = 34*o + o**2 + b - 2 - 29*o + o**2. Calculate s(-4).
11
Let i(j) = -8*j - 22*j + 0*j**2 - j**2 + 6 + 10*j. Let h = -1037 + 1017. What is i(h)?
6
Suppose 304*p - 182 + 132 = -1874. Let i(w) = -w**3 - 5*w**2 + 7*w + 10. What is i(p)?
4
Let x(g) be the third derivative of -9*g + 1/60*g**5 - 